?
3, 168673
List the prime factors of 43862.
2, 7, 13, 241
What are the prime factors of 1250274?
2, 3, 208379
What are the prime factors of 5286695?
5, 59, 17921
What are the prime factors of 1066887?
3, 118543
What are the prime factors of 1479075?
3, 5, 13, 37, 41
List the prime factors of 29740.
2, 5, 1487
List the prime factors of 19152894.
2, 3, 3192149
What are the prime factors of 1000741?
7, 142963
What are the prime factors of 186962?
2, 93481
What are the prime factors of 1995002?
2, 499, 1999
What are the prime factors of 5180914?
2, 2590457
What are the prime factors of 212806?
2, 11, 17, 569
What are the prime factors of 4776904?
2, 11, 19, 2857
What are the prime factors of 209337?
3, 69779
What are the prime factors of 6602429?
6602429
List the prime factors of 747261.
3, 79, 1051
List the prime factors of 516222.
2, 3, 7, 17, 241
List the prime factors of 2149389.
3, 11, 7237
What are the prime factors of 14893364?
2, 587, 6343
What are the prime factors of 2536609?
37, 179, 383
What are the prime factors of 1087243?
197, 5519
What are the prime factors of 2224362?
2, 3, 7, 211, 251
What are the prime factors of 9132?
2, 3, 761
What are the prime factors of 5174515?
5, 1034903
List the prime factors of 116678.
2, 227, 257
List the prime factors of 908428.
2, 19, 11953
What are the prime factors of 4218?
2, 3, 19, 37
What are the prime factors of 186324?
2, 3, 15527
What are the prime factors of 154701?
3, 17189
List the prime factors of 4887646.
2, 31, 2543
List the prime factors of 213878.
2, 7, 15277
List the prime factors of 4665471.
3, 1555157
List the prime factors of 551869.
181, 3049
List the prime factors of 446908.
2, 7, 11, 1451
What are the prime factors of 1017881?
1017881
What are the prime factors of 420069?
3, 13, 10771
What are the prime factors of 2023361?
257, 7873
What are the prime factors of 534355?
5, 106871
What are the prime factors of 82786?
2, 11, 53, 71
List the prime factors of 7342217.
2063, 3559
List the prime factors of 1563663.
3, 233, 2237
What are the prime factors of 1224501?
3, 191, 2137
What are the prime factors of 1103278?
2, 11, 47, 97
List the prime factors of 3415916.
2, 7, 121997
What are the prime factors of 1202630?
2, 5, 11, 13, 29
What are the prime factors of 125937?
3, 7, 1999
What are the prime factors of 701960?
2, 5, 7, 23, 109
What are the prime factors of 9074715?
3, 5, 13, 173, 269
List the prime factors of 1311057.
3, 11, 17, 19, 41
List the prime factors of 3586400.
2, 5, 4483
What are the prime factors of 1082770?
2, 5, 13, 8329
List the prime factors of 1131833.
79, 14327
What are the prime factors of 18146195?
5, 23, 157793
List the prime factors of 142820.
2, 5, 37, 193
What are the prime factors of 6477668?
2, 1619417
List the prime factors of 252622.
2, 126311
What are the prime factors of 3346669?
3346669
What are the prime factors of 514926?
2, 3, 28607
What are the prime factors of 10626407?
11, 83, 103, 113
What are the prime factors of 14777386?
2, 13, 17, 67, 499
List the prime factors of 1368149.
37, 103, 359
What are the prime factors of 13561923?
3, 71, 63671
List the prime factors of 520770.
2, 3, 5, 17359
What are the prime factors of 30665239?
11, 2787749
List the prime factors of 121151.
121151
List the prime factors of 28677560.
2, 5, 43, 16673
List the prime factors of 2351045.
5, 470209
What are the prime factors of 55077?
3, 11, 1669
List the prime factors of 71781.
3, 71, 337
List the prime factors of 266189.
7, 11, 3457
What are the prime factors of 9889868?
2, 31, 79757
What are the prime factors of 238582?
2, 119291
What are the prime factors of 351062?
2, 257, 683
List the prime factors of 43447.
23, 1889
What are the prime factors of 49163?
211, 233
List the prime factors of 1688629.
1688629
What are the prime factors of 17078710?
2, 5, 11, 17, 9133
List the prime factors of 1132499.
1132499
List the prime factors of 1986185.
5, 397237
What are the prime factors of 2804318?
2, 11, 41, 3109
List the prime factors of 910.
2, 5, 7, 13
List the prime factors of 1893716.
2, 11, 193, 223
List the prime factors of 564681.
3, 13, 14479
What are the prime factors of 2810725?
5, 112429
List the prime factors of 139881.
3, 7, 6661
What are the prime factors of 1408029?
3, 7, 67049
What are the prime factors of 18060713?
11, 281, 5843
What are the prime factors of 51673?
51673
What are the prime factors of 685616?
2, 73, 587
List the prime factors of 1523833.
271, 5623
What are the prime factors of 2864540?
2, 5, 7, 37, 79
What are the prime factors of 13631959?
11, 1239269
What are the prime factors of 165598?
2, 82799
What are the prime factors of 801986?
2, 233, 1721
What are the prime factors of 9398051?
13, 59, 12253
What are the prime factors of 1691796?
2, 3, 140983
What are the prime factors of 4630113?
3, 151, 3407
What are the prime factors of 6760664?
2, 845083
List the prime factors of 1481892.
2, 3, 123491
What are the prime factors of 103911?
3, 19, 1823
List the prime factors of 121883.
121883
List the prime factors of 851506.
2, 23, 107, 173
List the prime factors of 442710.
2, 3, 5, 4919
What are the prime factors of 6671530?
2, 5, 227, 2939
List the prime factors of 960644.
2, 137, 1753
What are the prime factors of 8249?
73, 113
List the prime factors of 26140786.
2, 7, 1303, 1433
What are the prime factors of 663900?
2, 3, 5, 2213
What are the prime factors of 1435899?
3, 43, 11131
What are the prime factors of 5752366?
2, 109, 26387
What are the prime factors of 4379061?
3, 37, 39451
What are the prime factors of 84973?
7, 61, 199
What are the prime factors of 1819449?
3, 79, 853
What are the prime factors of 13078911?
3, 379, 11503
What are the prime factors of 315677?
315677
What are the prime factors of 475703?
19, 25037
What are the prime factors of 7338779?
7, 149771
What are the prime factors of 15978546?
2, 3, 53, 1861
List the prime factors of 3026460.
2, 3, 5, 50441
List the prime factors of 3721312.
2, 7, 37, 449
List the prime factors of 68071.
68071
What are the prime factors of 956841?
3, 313, 1019
List the prime factors of 10436948.
2, 2609237
What are the prime factors of 1119588?
2, 3, 79, 1181
List the prime factors of 175500.
2, 3, 5, 13
List the prime factors of 249227.
11, 139, 163
What are the prime factors of 42823?
11, 17, 229
List the prime factors of 8933989.
8933989
List the prime factors of 1747318.
2, 873659
List the prime factors of 1101738.
2, 3, 11, 16693
What are the prime factors of 284894?
2, 181, 787
What are the prime factors of 683224?
2, 41, 2083
List the prime factors of 232329.
3, 43, 1801
List the prime factors of 17535.
3, 5, 7, 167
What are the prime factors of 1225551?
3, 37, 61, 181
List the prime factors of 5238567.
3, 17, 101, 113
What are the prime factors of 5497209?
3, 610801
What are the prime factors of 190035?
3, 5, 41, 103
List the prime factors of 12660760.
2, 5, 7, 103, 439
List the prime factors of 118311.
3, 113, 349
List the prime factors of 70226.
2, 13, 37, 73
What are the prime factors of 900118?
2, 347, 1297
What are the prime factors of 4732928?
2, 2311
What are the prime factors of 859533?
3, 23, 12457
List the prime factors of 152330.
2, 5, 15233
List the prime factors of 56140.
2, 5, 7, 401
What are the prime factors of 1448915?
5, 13, 22291
List the prime factors of 6724158.
2, 3, 7, 37, 4327
What are the prime factors of 995315?
5, 19, 10477
What are the prime factors of 2805884?
2, 17, 41263
List the prime factors of 1749488.
2, 13, 647
List the prime factors of 9589.
43, 223
What are the prime factors of 7910263?
7910263
What are the prime factors of 459578?
2, 7, 17, 1931
What are the prime factors of 2770968?
2, 3, 263, 439
List the prime factors of 218406.
2, 3, 89, 409
List the prime factors of 141039.
3, 15671
List the prime factors of 2753141.
31, 88811
What are the prime factors of 105161?
7, 83, 181
What are the prime factors of 16780843?
16780843
What are the prime factors of 902195?
5, 7, 149, 173
List the prime factors of 744303.
3, 7, 23, 67
What are the prime factors of 1077266?
2, 101, 5333
What are the prime factors of 1433359?
47, 30497
What are the prime factors of 9229327?
491, 18797
What are the prime factors of 159273?
3, 17, 347
What are 